e greatest common divisor of 20 and 148.
4
What is the highest common factor of 5 and 7?
1
Calculate the greatest common divisor of 45 and 1065.
15
Calculate the highest common divisor of 36 and 8604.
36
Calculate the highest common divisor of 3 and 717.
3
What is the greatest common divisor of 41 and 1271?
41
Calculate the greatest common factor of 8192 and 384.
128
Calculate the greatest common divisor of 40 and 140.
20
Calculate the greatest common factor of 74823 and 147.
147
Calculate the greatest common divisor of 80 and 260.
20
What is the greatest common divisor of 91 and 494?
13
Calculate the highest common factor of 3075 and 75.
75
What is the greatest common divisor of 88 and 1672?
88
Calculate the greatest common divisor of 124 and 16.
4
Calculate the greatest common divisor of 207 and 22563.
207
What is the greatest common factor of 6 and 42?
6
Calculate the highest common factor of 1771 and 55.
11
What is the greatest common divisor of 43 and 43?
43
What is the greatest common factor of 65 and 830?
5
Calculate the highest common factor of 360 and 384.
24
Calculate the highest common divisor of 79 and 553.
79
Calculate the greatest common divisor of 80 and 220.
20
What is the greatest common factor of 1771 and 451?
11
Calculate the highest common factor of 115 and 19435.
115
What is the highest common divisor of 3 and 461?
1
Calculate the greatest common divisor of 78 and 3198.
78
Calculate the greatest common factor of 712 and 534.
178
What is the greatest common factor of 24 and 2520?
24
What is the greatest common factor of 161 and 46?
23
What is the greatest common factor of 2317 and 7?
7
Calculate the greatest common divisor of 259 and 8991.
37
What is the highest common divisor of 131872 and 416?
416
What is the highest common divisor of 12 and 87432?
12
What is the greatest common divisor of 3493 and 14?
7
Calculate the highest common factor of 2313 and 18.
9
Calculate the greatest common divisor of 46 and 14.
2
What is the highest common factor of 304 and 48?
16
Calculate the greatest common divisor of 759 and 46.
23
Calculate the greatest common factor of 14 and 49.
7
What is the greatest common factor of 5776 and 16?
16
Calculate the greatest common factor of 46 and 2.
2
Calculate the highest common factor of 520 and 24.
8
Calculate the greatest common factor of 14 and 1617.
7
Calculate the highest common divisor of 5887 and 87.
29
Calculate the highest common factor of 24 and 1388.
4
Calculate the greatest common factor of 15 and 720.
15
Calculate the highest common factor of 87 and 2291.
29
What is the greatest common divisor of 84 and 60?
12
Calculate the greatest common divisor of 19 and 1691.
19
What is the highest common factor of 196 and 63?
7
What is the highest common factor of 169 and 40729?
169
Calculate the greatest common factor of 16 and 4.
4
What is the greatest common factor of 30213 and 373?
373
What is the highest common divisor of 165 and 1353?
33
Calculate the greatest common factor of 86 and 2236.
86
What is the highest common factor of 61 and 61?
61
Calculate the highest common factor of 45 and 27.
9
What is the greatest common factor of 11 and 12903?
11
Calculate the highest common divisor of 5175 and 1449.
207
What is the highest common factor of 192 and 1104?
48
Calculate the highest common divisor of 178 and 2403.
89
What is the greatest common factor of 243 and 234?
9
What is the greatest common divisor of 50 and 130?
10
Calculate the highest common divisor of 118 and 4.
2
Calculate the highest common factor of 48 and 11584.
16
Calculate the highest common factor of 740 and 7.
1
Calculate the highest common factor of 820 and 50.
10
What is the greatest common divisor of 24 and 24?
24
What is the greatest common divisor of 6060 and 120?
60
Calculate the greatest common divisor of 747 and 7055.
83
What is the greatest common factor of 22 and 418?
22
What is the greatest common divisor of 240 and 1500?
60
Calculate the greatest common divisor of 280 and 70.
70
What is the greatest common factor of 10 and 350?
10
Calculate the highest common divisor of 16 and 1240.
8
What is the greatest common divisor of 176 and 242?
22
Calculate the greatest common factor of 712 and 267.
89
Calculate the highest common divisor of 2368 and 1216.
64
Calculate the greatest common factor of 2662 and 44.
22
Calculate the greatest common factor of 182 and 7.
7
Calculate the highest common divisor of 11583 and 234.
117
What is the greatest common factor of 4293 and 81?
81
Calculate the greatest common divisor of 102 and 6.
6
What is the greatest common factor of 6028 and 137?
137
Calculate the highest common divisor of 80 and 48.
16
Calculate the highest common factor of 30 and 480.
30
Calculate the highest common divisor of 4 and 452.
4
What is the highest common divisor of 64 and 44?
4
What is the highest common factor of 92330 and 70?
70
Calculate the greatest common divisor of 11830 and 1014.
338
Calculate the greatest common factor of 180 and 140.
20
What is the highest common factor of 178 and 4?
2
What is the greatest common factor of 21 and 336?
21
Calculate the greatest common divisor of 22 and 121.
11
Calculate the greatest common divisor of 2021 and 43.
43
Calculate the greatest common divisor of 15 and 960.
15
What is the greatest common factor of 35 and 140?
35
Calculate the greatest common divisor of 117 and 207.
9
Calculate the highest common factor of 32 and 8.
8
What is the highest common divisor of 3 and 24?
3
What is the highest common divisor of 80 and 5760?
80
Calculate the highest common divisor of 126 and 189.
63
Calculate the greatest common divisor of 3162 and 459.
51
Calculate the highest common divisor of 166 and 1245.
83
Calculate the greatest common divisor of 241 and 1.
1
What is the greatest common factor of 120 and 4890?
30
Calculate the highest common divisor of 2586 and 30.
6
What is the highest common factor of 440 and 40?
40
What is the greatest common divisor of 87 and 6148?
29
What is the highest common factor of 36 and 228?
12
Calculate the highest common divisor of 435 and 348.
87
Calculate the highest common factor of 42 and 1029.
21
What is the greatest common factor of 2641 and 417?
139
Calculate the greatest common divisor of 17 and 164.
1
Calculate the greatest common factor of 195 and 1965.
15
What is the greatest common divisor of 11 and 110?
11
Calculate the highest common divisor of 156 and 6318.
78
What is the highest common divisor of 60325 and 190?
95
What is the highest common divisor of 24 and 1408?
8
Calculate the highest common factor of 3159 and 234.
117
What is the highest common divisor of 608 and 684?
76
Calculate the greatest common factor of 4472 and 1352.
104
Calculate the highest common divisor of 73 and 1825.
73
What is the greatest common factor of 38 and 21261?
19
Calculate the highest common divisor of 39 and 923.
13
What is the highest common factor of 1599 and 205?
41
Calculate the highest common divisor of 567 and 4212.
81
What is the highest common factor of 96 and 912?
48
Calculate the highest common factor of 1296 and 2976.
48
What is the greatest common factor of 72 and 738?
18
What is the highest common factor of 2528 and 32?
32
Calculate the greatest common divisor of 66 and 18260.
22
What is the highest common factor of 3757 and 119?
17
Calculate the greatest common divisor of 54 and 14.
2
Calculate the greatest common divisor of 369 and 82.
41
Calculate the greatest common divisor of 28 and 28.
28
What is the highest common divisor of 192 and 448?
64
Calculate the highest common factor of 1479 and 221.
17
Calculate the highest common divisor of 65 and 2990.
65
What is the greatest common factor of 280 and 595?
35
Calculate the greatest common factor of 27 and 108.
27
What is the highest common factor of 74 and 16?
2
Calculate the greatest common divisor of 6118 and 57.
19
What is the highest common divisor of 10088 and 728?
104
Calculate the highest common factor of 640 and 96.
32
Calculate the highest common divisor of 14 and 70.
14
Calculate the greatest common factor of 6 and 162.
6
What is the greatest common divisor of 65 and 169?
13
What is the highest common divisor of 1875 and 135?
15
Calculate the highest common divisor of 1 and